{"id":57,"date":"2020-03-05T14:17:38","date_gmt":"2020-03-05T14:17:38","guid":{"rendered":"https:\/\/web286.sr101.firestorm.ch\/WP\/index.php\/einsatzarten\/"},"modified":"2020-03-08T12:29:06","modified_gmt":"2020-03-08T12:29:06","slug":"einsatzarten","status":"publish","type":"page","link":"https:\/\/sarneraatal.ch\/index.php\/einsatzarten\/","title":{"rendered":"Einsatzarten"},"content":{"rendered":"<p><strong>Einsatzarten:<\/strong><\/p>\n<blockquote dir=\"ltr\" style=\"margin-right: 0px;\"><p>Die Rettungsstation\u00a0Sarneraatal wird von der REGA, von der Polizei und von den Gemeindef\u00fchrungsst\u00e4ben f\u00fcr Eins\u00e4tze der verschiedensten Arten aufgeboten.<\/p><\/blockquote>\n<div>\n<hr \/>\n<\/div>\n<div><strong>Suchaktionen:<\/strong><\/div>\n<blockquote dir=\"ltr\" style=\"margin-right: 0px;\">\n<div>Unsere Mitglieder sind Bergg\u00e4nger aus allen Gemeinden des Sarneraatales mit guten Ortskenntnissen. Somit sind Suchaktionen von vermissten Personen auch in den abgelegensten Winkeln unseres Einsatzgebietes m\u00f6glich. Unser Einsatzgebiet erstreckt sich \u00fcber das ganze Sarneraatal. Bei Bedarf unterst\u00fctzen wir Kollegen der angrenzenden Rettungsstationen. Suchaktionen f\u00fchren wir im Sommer und im Winter in allen Gel\u00e4ndearten und bei jedem Wetter durch.<\/div>\n<div><\/div>\n<\/blockquote>\n<div>\n<hr \/>\n<\/div>\n<div><strong>Lawinen:<\/strong><\/div>\n<blockquote dir=\"ltr\" style=\"margin-right: 0px;\">\n<div>Unsere Mitglieder sind ausgebildet um Rettungseins\u00e4tze auf Lawinen durchf\u00fchren zu k\u00f6nnen. Das Beherrschen des LVS (Lawinenversch\u00fcttetensuchger\u00e4t) und die Technik des Sondierens geh\u00f6ren zur Grundausbildung. Unfallplatzorganisation und die schonende Bergung von Versch\u00fctteten geh\u00f6ren zu den Aufgaben im Lawineneinsatz.<\/div>\n<div><\/div>\n<div>\n<table style=\"border-collapse: collapse; width: 100%;\">\n<tbody>\n<tr>\n<td style=\"width: 50%;\"><img loading=\"lazy\" decoding=\"async\" class=\"alignnone size-medium wp-image-206\" src=\"https:\/\/web286.sr101.firestorm.ch\/WP\/wp-content\/uploads\/2020\/03\/winterrettung01-300x225.jpg\" alt=\"\" width=\"300\" height=\"225\" srcset=\"https:\/\/sarneraatal.ch\/wp-content\/uploads\/2020\/03\/winterrettung01-300x225.jpg 300w, https:\/\/sarneraatal.ch\/wp-content\/uploads\/2020\/03\/winterrettung01.jpg 492w\" sizes=\"(max-width: 300px) 100vw, 300px\" \/><\/td>\n<td style=\"width: 50%;\"><img loading=\"lazy\" decoding=\"async\" class=\"alignnone size-medium wp-image-205\" src=\"https:\/\/web286.sr101.firestorm.ch\/WP\/wp-content\/uploads\/2020\/03\/sondieren02-300x225.jpg\" alt=\"\" width=\"300\" height=\"225\" srcset=\"https:\/\/sarneraatal.ch\/wp-content\/uploads\/2020\/03\/sondieren02-300x225.jpg 300w, https:\/\/sarneraatal.ch\/wp-content\/uploads\/2020\/03\/sondieren02.jpg 492w\" sizes=\"(max-width: 300px) 100vw, 300px\" \/><\/td>\n<\/tr>\n<\/tbody>\n<\/table>\n<\/div>\n<div><\/div>\n<\/blockquote>\n<div>\n<hr \/>\n<\/div>\n<p><strong>Windenrettungen:<\/strong><\/p>\n<blockquote dir=\"ltr\" style=\"margin-right: 0px;\"><p>F\u00fcr Felsrettungen verf\u00fcgen wir \u00fcber zwei altbew\u00e4hrte Stahlseilger\u00e4te (Modell Freidli) und eine moderne elektro-hydraulische Seilwinde (Modell Chamonix). Rettungen aus steilen Felsw\u00e4nden oder tiefen Schluchten sind so im Sommer und im Winter durch unsere Mitglieder m\u00f6glich.<\/p><\/blockquote>\n<hr \/>\n<p><strong>Bergungen:<\/strong><\/p>\n<blockquote dir=\"ltr\" style=\"margin-right: 0px;\"><p>Die Mitglieder der Rettungsstation\u00a0Sarneraatal bergen bei Bedarf Tag und Nacht und bei jedem Wetter in Not geratene Bergkameraden. Leider geh\u00f6rt auch die Bergung von t\u00f6dlich verunfallten Personen zu unseren Aufgaben, umso gl\u00fccklicher sind wir allerdings, wenn wir jemandem das Leben retten k\u00f6nnen.<\/p><\/blockquote>\n<hr \/>\n<p><strong>Baumrettungen:<\/strong><\/p>\n<blockquote dir=\"ltr\" style=\"margin-right: 0px;\"><p>Die Rettungsstation verf\u00fcgt \u00fcber spezielle Baumsteigeisen um notgelandete Gleitschirmpiloten aus ihrer misslichen Situation zu retten.<\/p><\/blockquote>\n<hr \/>\n<p><strong>Seilbahnrettungen:<\/strong><\/p>\n<blockquote dir=\"ltr\" style=\"margin-right: 0px;\"><p>Eine Spezialeinheit der Rettungsstation\u00a0Sarneraatal ist integraler Bestandteil des Rettungskonzeptes der Sportbahnen Melchsee-Frutt. In j\u00e4hrlich wiederholten \u00dcbungen wird zusammen mit dem Personal der Bahn die Seilbahnrettung ge\u00fcbt.<\/p>\n<p>&nbsp;<\/p>\n<table style=\"border-collapse: collapse; width: 100%;\">\n<tbody>\n<tr>\n<td style=\"width: 50%;\"><img loading=\"lazy\" decoding=\"async\" class=\"alignnone size-medium wp-image-204\" src=\"https:\/\/web286.sr101.firestorm.ch\/WP\/wp-content\/uploads\/2020\/03\/seilbahnrettung02-300x225.jpg\" alt=\"\" width=\"300\" height=\"225\" srcset=\"https:\/\/sarneraatal.ch\/wp-content\/uploads\/2020\/03\/seilbahnrettung02-300x225.jpg 300w, https:\/\/sarneraatal.ch\/wp-content\/uploads\/2020\/03\/seilbahnrettung02.jpg 640w\" sizes=\"(max-width: 300px) 100vw, 300px\" \/><\/td>\n<td style=\"width: 50%;\"><img loading=\"lazy\" decoding=\"async\" class=\"alignnone size-medium wp-image-203\" src=\"https:\/\/web286.sr101.firestorm.ch\/WP\/wp-content\/uploads\/2020\/03\/ARS_30-04-11_0104-1-300x200.jpg\" alt=\"\" width=\"300\" height=\"200\" srcset=\"https:\/\/sarneraatal.ch\/wp-content\/uploads\/2020\/03\/ARS_30-04-11_0104-1-300x200.jpg 300w, https:\/\/sarneraatal.ch\/wp-content\/uploads\/2020\/03\/ARS_30-04-11_0104-1.jpg 320w\" sizes=\"(max-width: 300px) 100vw, 300px\" \/><\/td>\n<\/tr>\n<\/tbody>\n<\/table>\n<p>&nbsp;<\/p><\/blockquote>\n<hr \/>\n<p><strong>Canyoning:<\/strong><\/p>\n<blockquote dir=\"ltr\" style=\"margin-right: 0px;\"><p>Trendsportarten haben auch bei der Rettungsstation keinen Halt gemacht. Eine weitere Spezialeinheit steht f\u00fcr die Rettung von Canyoning-Sportlern zur Verf\u00fcgung. In dicken Neopren-Anz\u00fcgen vor dem kalten Wasser gesch\u00fctzt retten wir in Not geratene Personen.<\/p>\n<table style=\"border-collapse: collapse; width: 100%;\">\n<tbody>\n<tr>\n<td style=\"width: 50%;\"><img loading=\"lazy\" decoding=\"async\" class=\"alignnone size-medium wp-image-208\" src=\"https:\/\/web286.sr101.firestorm.ch\/WP\/wp-content\/uploads\/2020\/03\/Sommer2011a-300x225.jpg\" alt=\"\" width=\"300\" height=\"225\" srcset=\"https:\/\/sarneraatal.ch\/wp-content\/uploads\/2020\/03\/Sommer2011a-300x225.jpg 300w, https:\/\/sarneraatal.ch\/wp-content\/uploads\/2020\/03\/Sommer2011a.jpg 640w\" sizes=\"(max-width: 300px) 100vw, 300px\" \/><\/td>\n<td style=\"width: 50%;\"><img loading=\"lazy\" decoding=\"async\" class=\"alignnone size-medium wp-image-209\" src=\"https:\/\/web286.sr101.firestorm.ch\/WP\/wp-content\/uploads\/2020\/03\/Sommer2011d-300x225.jpg\" alt=\"\" width=\"300\" height=\"225\" srcset=\"https:\/\/sarneraatal.ch\/wp-content\/uploads\/2020\/03\/Sommer2011d-300x225.jpg 300w, https:\/\/sarneraatal.ch\/wp-content\/uploads\/2020\/03\/Sommer2011d.jpg 640w\" sizes=\"(max-width: 300px) 100vw, 300px\" \/><\/td>\n<\/tr>\n<\/tbody>\n<\/table>\n<\/blockquote>\n<hr \/>\n<p><strong>Eins\u00e4tze zu Gunsten der Polizei:<\/strong><\/p>\n<blockquote dir=\"ltr\" style=\"margin-right: 0px;\"><p>Bei Bedarf unterst\u00fctzen wir die Kantonspolizei bei speziellen Eins\u00e4tzen in unwegsamem Gel\u00e4nde. Leichenbergungen und die Suche nach Gegenst\u00e4nden und Personen geh\u00f6ren ebenfalls dazu. Eine Sondergruppe der Polizei besucht regelm\u00e4ssig die Rettungs\u00fcbungen unserer Station um im Gel\u00e4nde die Tatbestandsaufnahme bei Bergunf\u00e4llen ausf\u00fchren zu k\u00f6nnen.<\/p>\n<table style=\"border-collapse: collapse; width: 100%;\">\n<tbody>\n<tr>\n<td style=\"width: 50%;\"><img loading=\"lazy\" decoding=\"async\" class=\"alignnone size-medium wp-image-207\" src=\"https:\/\/web286.sr101.firestorm.ch\/WP\/wp-content\/uploads\/2020\/03\/gelaendedurchsuchung01-300x200.jpg\" alt=\"\" width=\"300\" height=\"200\" srcset=\"https:\/\/sarneraatal.ch\/wp-content\/uploads\/2020\/03\/gelaendedurchsuchung01-300x200.jpg 300w, https:\/\/sarneraatal.ch\/wp-content\/uploads\/2020\/03\/gelaendedurchsuchung01.jpg 443w\" sizes=\"(max-width: 300px) 100vw, 300px\" \/><\/td>\n<td style=\"width: 50%;\"><img loading=\"lazy\" decoding=\"async\" class=\"alignnone size-medium wp-image-210\" src=\"https:\/\/web286.sr101.firestorm.ch\/WP\/wp-content\/uploads\/2020\/03\/tatort32_01-300x224.jpg\" alt=\"\" width=\"300\" height=\"224\" srcset=\"https:\/\/sarneraatal.ch\/wp-content\/uploads\/2020\/03\/tatort32_01-300x224.jpg 300w, https:\/\/sarneraatal.ch\/wp-content\/uploads\/2020\/03\/tatort32_01.jpg 320w\" sizes=\"(max-width: 300px) 100vw, 300px\" \/><\/td>\n<\/tr>\n<\/tbody>\n<\/table>\n<p><strong>\u00a0<\/strong><\/p><\/blockquote>\n<hr \/>\n<p><strong>Eins\u00e4tze zu Gunsten der Gemeinden:<\/strong><\/p>\n<blockquote dir=\"ltr\" style=\"margin-right: 0px;\"><p>Bei Grossereignissen und Naturkatastrophen kann die Rettungsstation f\u00fcr die verschiedensten Aufgaben aufgeboten werden.<\/p><\/blockquote>\n<hr \/>\n","protected":false},"excerpt":{"rendered":"<p>Einsatzarten: Die Rettungsstation\u00a0Sarneraatal wird von der REGA, von der Polizei und von den Gemeindef\u00fchrungsst\u00e4ben f\u00fcr Eins\u00e4tze der verschiedensten Arten aufgeboten. Suchaktionen: Unsere Mitglieder sind Bergg\u00e4nger aus allen Gemeinden des Sarneraatales mit guten Ortskenntnissen. Somit sind Suchaktionen von vermissten Personen auch in den abgelegensten Winkeln unseres Einsatzgebietes m\u00f6glich. Unser Einsatzgebiet erstreckt sich \u00fcber das ganze Sarneraatal. Bei Bedarf unterst\u00fctzen wir Kollegen [&hellip;]<\/p>\n","protected":false},"author":1,"featured_media":0,"parent":0,"menu_order":12,"comment_status":"closed","ping_status":"closed","template":"","meta":{"footnotes":""},"_links":{"self":[{"href":"https:\/\/sarneraatal.ch\/index.php\/wp-json\/wp\/v2\/pages\/57"}],"collection":[{"href":"https:\/\/sarneraatal.ch\/index.php\/wp-json\/wp\/v2\/pages"}],"about":[{"href":"https:\/\/sarneraatal.ch\/index.php\/wp-json\/wp\/v2\/types\/page"}],"author":[{"embeddable":true,"href":"https:\/\/sarneraatal.ch\/index.php\/wp-json\/wp\/v2\/users\/1"}],"replies":[{"embeddable":true,"href":"https:\/\/sarneraatal.ch\/index.php\/wp-json\/wp\/v2\/comments?post=57"}],"version-history":[{"count":3,"href":"https:\/\/sarneraatal.ch\/index.php\/wp-json\/wp\/v2\/pages\/57\/revisions"}],"predecessor-version":[{"id":212,"href":"https:\/\/sarneraatal.ch\/index.php\/wp-json\/wp\/v2\/pages\/57\/revisions\/212"}],"wp:attachment":[{"href":"https:\/\/sarneraatal.ch\/index.php\/wp-json\/wp\/v2\/media?parent=57"}],"curies":[{"name":"wp","href":"https:\/\/api.w.org\/{rel}","templated":true}]}}

<p><strong>Einsatzarten:</strong></p>
<blockquote dir="ltr" style="margin-right: 0px;"><p>Die Rettungsstation Sarneraatal wird von der REGA, von der Polizei und von den Gemeindeführungsstäben für Einsätze der verschiedensten Arten aufgeboten.</p></blockquote>
<div>
<hr />
</div>
<div><strong>Suchaktionen:</strong></div>
<blockquote dir="ltr" style="margin-right: 0px;">
<div>Unsere Mitglieder sind Berggänger aus allen Gemeinden des Sarneraatales mit guten Ortskenntnissen. Somit sind Suchaktionen von vermissten Personen auch in den abgelegensten Winkeln unseres Einsatzgebietes möglich. Unser Einsatzgebiet erstreckt sich über das ganze Sarneraatal. Bei Bedarf unterstützen wir Kollegen der angrenzenden Rettungsstationen. Suchaktionen führen wir im Sommer und im Winter in allen Geländearten und bei jedem Wetter durch.</div>
<div></div>
</blockquote>
<div>
<hr />
</div>
<div><strong>Lawinen:</strong></div>
<blockquote dir="ltr" style="margin-right: 0px;">
<div>Unsere Mitglieder sind ausgebildet um Rettungseinsätze auf Lawinen durchführen zu können. Das Beherrschen des LVS (Lawinenverschüttetensuchgerät) und die Technik des Sondierens gehören zur Grundausbildung. Unfallplatzorganisation und die schonende Bergung von Verschütteten gehören zu den Aufgaben im Lawineneinsatz.</div>
<div></div>
<div>
<table style="border-collapse: collapse; width: 100%;">
<tbody>
<tr>
<td style="width: 50%;"><img loading="lazy" decoding="async" class="alignnone size-medium wp-image-206" src="https://web286.sr101.firestorm.ch/WP/wp-content/uploads/2020/03/winterrettung01-300x225.jpg" alt="" width="300" height="225" srcset="https://sarneraatal.ch/wp-content/uploads/2020/03/winterrettung01-300x225.jpg 300w, https://sarneraatal.ch/wp-content/uploads/2020/03/winterrettung01.jpg 492w" sizes="(max-width: 300px) 100vw, 300px" /></td>
<td style="width: 50%;"><img loading="lazy" decoding="async" class="alignnone size-medium wp-image-205" src="https://web286.sr101.firestorm.ch/WP/wp-content/uploads/2020/03/sondieren02-300x225.jpg" alt="" width="300" height="225" srcset="https://sarneraatal.ch/wp-content/uploads/2020/03/sondieren02-300x225.jpg 300w, https://sarneraatal.ch/wp-content/uploads/2020/03/sondieren02.jpg 492w" sizes="(max-width: 300px) 100vw, 300px" /></td>
</tr>
</tbody>
</table>
</div>
<div></div>
</blockquote>
<div>
<hr />
</div>
<p><strong>Windenrettungen:</strong></p>
<blockquote dir="ltr" style="margin-right: 0px;"><p>Für Felsrettungen verfügen wir über zwei altbewährte Stahlseilgeräte (Modell Freidli) und eine moderne elektro-hydraulische Seilwinde (Modell Chamonix). Rettungen aus steilen Felswänden oder tiefen Schluchten sind so im Sommer und im Winter durch unsere Mitglieder möglich.</p></blockquote>
<hr />
<p><strong>Bergungen:</strong></p>
<blockquote dir="ltr" style="margin-right: 0px;"><p>Die Mitglieder der Rettungsstation Sarneraatal bergen bei Bedarf Tag und Nacht und bei jedem Wetter in Not geratene Bergkameraden. Leider gehört auch die Bergung von tödlich verunfallten Personen zu unseren Aufgaben, umso glücklicher sind wir allerdings, wenn wir jemandem das Leben retten können.</p></blockquote>
<hr />
<p><strong>Baumrettungen:</strong></p>
<blockquote dir="ltr" style="margin-right: 0px;"><p>Die Rettungsstation verfügt über spezielle Baumsteigeisen um notgelandete Gleitschirmpiloten aus ihrer misslichen Situation zu retten.</p></blockquote>
<hr />
<p><strong>Seilbahnrettungen:</strong></p>
<blockquote dir="ltr" style="margin-right: 0px;"><p>Eine Spezialeinheit der Rettungsstation Sarneraatal ist integraler Bestandteil des Rettungskonzeptes der Sportbahnen Melchsee-Frutt. In jährlich wiederholten Übungen wird zusammen mit dem Personal der Bahn die Seilbahnrettung geübt.</p>
<p>&nbsp;</p>
<table style="border-collapse: collapse; width: 100%;">
<tbody>
<tr>
<td style="width: 50%;"><img loading="lazy" decoding="async" class="alignnone size-medium wp-image-204" src="https://web286.sr101.firestorm.ch/WP/wp-content/uploads/2020/03/seilbahnrettung02-300x225.jpg" alt="" width="300" height="225" srcset="https://sarneraatal.ch/wp-content/uploads/2020/03/seilbahnrettung02-300x225.jpg 300w, https://sarneraatal.ch/wp-content/uploads/2020/03/seilbahnrettung02.jpg 640w" sizes="(max-width: 300px) 100vw, 300px" /></td>
<td style="width: 50%;"><img loading="lazy" decoding="async" class="alignnone size-medium wp-image-203" src="https://web286.sr101.firestorm.ch/WP/wp-content/uploads/2020/03/ARS_30-04-11_0104-1-300x200.jpg" alt="" width="300" height="200" srcset="https://sarneraatal.ch/wp-content/uploads/2020/03/ARS_30-04-11_0104-1-300x200.jpg 300w, https://sarneraatal.ch/wp-content/uploads/2020/03/ARS_30-04-11_0104-1.jpg 320w" sizes="(max-width: 300px) 100vw, 300px" /></td>
</tr>
</tbody>
</table>
<p>&nbsp;</p></blockquote>
<hr />
<p><strong>Canyoning:</strong></p>
<blockquote dir="ltr" style="margin-right: 0px;"><p>Trendsportarten haben auch bei der Rettungsstation keinen Halt gemacht. Eine weitere Spezialeinheit steht für die Rettung von Canyoning-Sportlern zur Verfügung. In dicken Neopren-Anzügen vor dem kalten Wasser geschützt retten wir in Not geratene Personen.</p>
<table style="border-collapse: collapse; width: 100%;">
<tbody>
<tr>
<td style="width: 50%;"><img loading="lazy" decoding="async" class="alignnone size-medium wp-image-208" src="https://web286.sr101.firestorm.ch/WP/wp-content/uploads/2020/03/Sommer2011a-300x225.jpg" alt="" width="300" height="225" srcset="https://sarneraatal.ch/wp-content/uploads/2020/03/Sommer2011a-300x225.jpg 300w, https://sarneraatal.ch/wp-content/uploads/2020/03/Sommer2011a.jpg 640w" sizes="(max-width: 300px) 100vw, 300px" /></td>
<td style="width: 50%;"><img loading="lazy" decoding="async" class="alignnone size-medium wp-image-209" src="https://web286.sr101.firestorm.ch/WP/wp-content/uploads/2020/03/Sommer2011d-300x225.jpg" alt="" width="300" height="225" srcset="https://sarneraatal.ch/wp-content/uploads/2020/03/Sommer2011d-300x225.jpg 300w, https://sarneraatal.ch/wp-content/uploads/2020/03/Sommer2011d.jpg 640w" sizes="(max-width: 300px) 100vw, 300px" /></td>
</tr>
</tbody>
</table>
</blockquote>
<hr />
<p><strong>Einsätze zu Gunsten der Polizei:</strong></p>
<blockquote dir="ltr" style="margin-right: 0px;"><p>Bei Bedarf unterstützen wir die Kantonspolizei bei speziellen Einsätzen in unwegsamem Gelände. Leichenbergungen und die Suche nach Gegenständen und Personen gehören ebenfalls dazu. Eine Sondergruppe der Polizei besucht regelmässig die Rettungsübungen unserer Station um im Gelände die Tatbestandsaufnahme bei Bergunfällen ausführen zu können.</p>
<table style="border-collapse: collapse; width: 100%;">
<tbody>
<tr>
<td style="width: 50%;"><img loading="lazy" decoding="async" class="alignnone size-medium wp-image-207" src="https://web286.sr101.firestorm.ch/WP/wp-content/uploads/2020/03/gelaendedurchsuchung01-300x200.jpg" alt="" width="300" height="200" srcset="https://sarneraatal.ch/wp-content/uploads/2020/03/gelaendedurchsuchung01-300x200.jpg 300w, https://sarneraatal.ch/wp-content/uploads/2020/03/gelaendedurchsuchung01.jpg 443w" sizes="(max-width: 300px) 100vw, 300px" /></td>
<td style="width: 50%;"><img loading="lazy" decoding="async" class="alignnone size-medium wp-image-210" src="https://web286.sr101.firestorm.ch/WP/wp-content/uploads/2020/03/tatort32_01-300x224.jpg" alt="" width="300" height="224" srcset="https://sarneraatal.ch/wp-content/uploads/2020/03/tatort32_01-300x224.jpg 300w, https://sarneraatal.ch/wp-content/uploads/2020/03/tatort32_01.jpg 320w" sizes="(max-width: 300px) 100vw, 300px" /></td>
</tr>
</tbody>
</table>
<p><strong> </strong></p></blockquote>
<hr />
<p><strong>Einsätze zu Gunsten der Gemeinden:</strong></p>
<blockquote dir="ltr" style="margin-right: 0px;"><p>Bei Grossereignissen und Naturkatastrophen kann die Rettungsstation für die verschiedensten Aufgaben aufgeboten werden.</p></blockquote>
<hr />

<p>Einsatzarten: Die Rettungsstation Sarneraatal wird von der REGA, von der Polizei und von den Gemeindeführungsstäben für Einsätze der verschiedensten Arten aufgeboten. Suchaktionen: Unsere Mitglieder sind Berggänger aus allen Gemeinden des Sarneraatales mit guten Ortskenntnissen. Somit sind Suchaktionen von vermissten Personen auch in den abgelegensten Winkeln unseres Einsatzgebietes möglich. Unser Einsatzgebiet erstreckt sich über das ganze Sarneraatal. Bei Bedarf unterstützen wir Kollegen [&hellip;]</p>
